 b be u(3). Let n = g - b. What is the tens digit of n?
6
What is the tens digit of 5 + ((-280579)/26)/((-2)/4)?
8
Suppose -4*h - 13 = -3313. Let s = -73 + h. What is the hundreds digit of s?
7
Let d(r) = -7*r**2 - 5*r - 2. Let x be d(-3). Let b = -5234 - -5364. What is the units digit of x/25 + (b - 0)?
8
What is the units digit of (4 - 2724/36)/((-2)/18)?
5
Let b(k) = -k**3 + 21*k**2 + 15*k + 47. Let f be b(19). Let r = -406 + f. What is the units digit of r?
8
Let i(g) = -g**3 - g**2 + 12*g + 5. Let a be i(-4). Suppose -2*d = -f - 1661, 2205 = 4*d + a*f - 1138. What is the units digit of d?
2
Suppose 34*t - 13742 - 26174 = 0. Let b = t - 420. What is the tens digit of b?
5
Suppose 12 = -0*s + 3*s. Suppose 5*m - 2*q - 5173 = 0, 2*m - s*q = 4*m - 2050. What is the tens digit of m?
3
Let y = -16050 + 27634. What is the ten thousands digit of y?
1
Let j(x) = -20*x**3 + x**2 + 39*x + 372. What is the ten thousands digit of j(-13)?
4
Let t(n) = -61*n - 106*n + 43*n - 1 + 14. What is the units digit of t(-3)?
5
Let t = -7 - -48. Let m = -45 + t. What is the units digit of (35/(-10))/(2/m)?
7
Let u be 59*-1*(-14 - -11). Let r = 78 + u. Suppose 2*c + 0*c = -5*f + r, -4*f = -4*c - 204. What is the units digit of f?
1
Suppose -m - 6*m = 0. Suppose 11*w - 6*w = m. Suppose -72 = -2*p - w*p. What is the units digit of p?
6
Let b(o) = 88*o - 174. Suppose -30 = -3*i - w - 2, i - 5*w + 12 = 0. What is the hundreds digit of b(i)?
5
Let k be (-2 - -77)/(4/52). Let w = k - -273. What is the hundreds digit of w?
2
Let u = -39 - 15. Let c(b) = 31*b - 1. Let t be c(-5). Let o = u - t. What is the tens digit of o?
0
Let f(d) = -1010*d + 2638. What is the thousands digit of f(-46)?
9
Suppose -15*g = 12*g - 67062 - 161115. What is the hundreds digit of g?
4
Let m(j) = 7085*j - 3171. What is the units digit of m(6)?
9
Suppose x - 4*u = 11814, 5*x - 632*u - 59114 = -634*u. What is the hundreds digit of x?
8
Let q be (4/(-6))/(-2*(-2)/(-636)). Suppose -q*y + 14157 = -93*y. What is the tens digit of y?
8
Suppose 5*q = -4*w - 52 - 11, 4*q = -5*w - 81. Let f(t) be the third derivative of -t**4/24 - t**3/2 + 836*t**2 + t. What is the units digit of f(w)?
4
Let q = 73 + -41. Suppose l - 5*l = -q. Suppose c + 4*u = l - 2, -3*u + 54 = 3*c. What is the tens digit of c?
2
Let q be 3/24 - (65574/48 + 9). Let l = q + 2923. What is the hundreds digit of l?
5
Suppose a = -4*p + 18, -2*p + 0*a - 2 = -5*a. Suppose p*y + 3*m - 144 = 707, -2*m - 634 = -3*y. What is the hundreds digit of y?
2
Let j = 71 - 46. Let h = 934 + j. What is the tens digit of h?
5
Suppose 3424*i + 238985 = 3429*i. What is the ten thousands digit of i?
4
Let j(w) = 2*w**3 + w**2 - w - 2. Let i be 0/(-3 - (-6)/((-3)/(-1))). Let u be j(i). What is the tens digit of u/14*2 + 1598/7?
2
Suppose 2*g + 23606 = 34860. What is the tens digit of g?
2
Let l(j) = 84*j**3 + 2*j**2 + 4*j - 180*j**3 + 4 + 87*j**3. What is the tens digit of l(-2)?
7
Suppose 0 = -h + 2*y + 6311, -86*y = -85*y + 5. What is the thousands digit of h?
6
Suppose 34*f - 37960 = 14*f. Suppose -195*u = -197*u + f. What is the tens digit of u?
4
Let a = -431 + 252. Let o = 423 + a. What is the tens digit of o?
4
Let t(y) = -37*y**2 + 9*y - 11. Let q(r) = 2*r**2 + r. Let a(o) = q(o) - t(o). What is the hundreds digit of a(3)?
3
Suppose 13*a - 20 = 8*a. Suppose -4*b + 2*b = 5*n + 135, -234 = a*b - 2*n. What is the units digit of 2/12 - 6710/b?
2
Let p(f) = -50*f + 56. Let h be ((-8)/(-8) - 7) + -2. What is the tens digit of p(h)?
5
Suppose 13*x - 22799 = -4*c + 18*x, -5*c = x - 28535. What is the tens digit of c?
0
Let u(k) = -k**2 + 2*k - 15. Let n(x) = 2*x**2 - 6*x + 44. Let s(t) = -6*n(t) - 17*u(t). What is the units digit of s(3)?
2
Let x = 7038 - 734. What is the tens digit of x?
0
Suppose 22*s + 64 = -68. Let u(x) = -226*x - 301. What is the units digit of u(s)?
5
Let g(u) = 1192*u**3 - u**2 - 5*u + 9. What is the thousands digit of g(2)?
9
Suppose 5*j - 2*p = 2*p - 37, 0 = -2*j - 4*p - 26. What is the tens digit of (-16)/(-24) - 642/j?
7
Suppose -7*x = -5*f - 3*x + 19790, -4*x + 3958 = f. What is the thousands digit of f?
3
Let c(p) = -26*p**2 - 59*p + 29. Let x(l) = 13*l**2 + 30*l - 15. Let o(z) = -4*c(z) - 7*x(z). What is the tens digit of o(-11)?
7
Let d(t) = t + 1. Let q(h) = -h**2 - 8*h - 19. Let g(o) = 3*d(o) - q(o). Let u be g(-9). Suppose 0 = u*a - 99 - 105. What is the units digit of a?
1
Let x be (5/(15/2))/((-6)/(-81)). Suppose -4*m + 3*i - 10 = -x*m, 3*m - i - 20 = 0. Let j(n) = n**3 - 2*n**2 - 2*n + 1. What is the tens digit of j(m)?
6
Let k = 528 + -283. Let p = k - -27. What is the units digit of 5/(4/p*4)?
5
Let z(b) = b**3 - 6*b**2 + 2*b - 9. Let o be z(6). Suppose 4*p = o - 3. Suppose 3*u + 405 = -p*x + 3*x, x = 4*u + 141. What is the units digit of x?
3
Let w = 99 - 26. Let v = -118 + w. What is the tens digit of (-1925)/v - 6/(-27)?
4
Let s be 12/5 - 2/5. Let a(q) = 15*q**2 + 74*q - 5. Let x be a(-5). Suppose 9*o + 5*u = 4*o, -o - s*u - 4 = x. What is the units digit of o?
4
Let a = -9580 - -23497. What is the thousands digit of a?
3
Let s(v) = -5*v**2 - 8*v - 20. Let c(r) = 4*r**2 + 9*r + 19. Let y(a) = -4*c(a) - 5*s(a). What is the hundreds digit of y(6)?
3
Let y(o) = 27*o**3 + 3*o**2 + 16*o + 289. What is the tens digit of y(8)?
3
Let r = 12846 - -1701. What is the ten thousands digit of r?
1
Let x(g) = 127*g**3 + 18*g**2 - 17*g - 20. What is the units digit of x(5)?
0
What is the hundreds digit of (-5)/4 + (-227903)/(-188)?
2
Suppose -792 = 2*z - 5*z. Suppose -4*x + 2*x = -4*w - 132, -z = -4*x + 4*w. Suppose 0 = v - 2*j - 81 - x, 4*v - 584 = 4*j. What is the units digit of v?
5
Let z(g) = 26 + 52*g + 0*g - 54*g - 247*g. What is the hundreds digit of z(-5)?
2
Let a = 43 + -35. Suppose -24*f + a = -20*f. Suppose 0 = -3*p - b + 617, 5*p - f*b - 1005 = b. What is the hundreds digit of p?
2
Let y be ((-249)/2)/(1/12). What is the tens digit of 7/28 + y/(-8)?
8
Suppose 0 = -2*y - 20 + 24, 4*b - y = 34086. What is the hundreds digit of b?
5
Let g = -63 + 24. Let q = 35 + g. What is the units digit of (-71)/((0 + q)/4)?
1
Let z(r) = 7*r**2 + 7*r - 4. Let d(n) = -10*n**2 - 10*n + 6. Let w(j) = -5*d(j) - 7*z(j). Let p be w(2). Suppose -o - p*o = -915. What is the units digit of o?
3
What is the units digit of -3 + 25520 + -5 + -3 + 8?
7
Suppose 0 = -42*m + 41*m - 5*o + 9797, -5*m = -5*o - 49045. What is the tens digit of m?
0
Suppose 11 = 23*c - 58. Suppose 3065 = 4*o + c*g - 2806, 5*o = g + 7315. What is the thousands digit of o?
1
Let y = -173 + 167. What is the tens digit of (1 - 15)*y/4*3?
6
Let p(i) = 5*i**2 + 320*i - 84. What is the units digit of p(-72)?
6
Let g(i) = -123*i**3 - 3*i + 239*i**3 - 37*i + 20*i**2 - 117*i**3 + 35. What is the units digit of g(16)?
9
Let c(q) = 874*q - 4372. What is the units digit of c(14)?
4
Suppose -x = 31 - 271. Let l = -215 + x. What is the tens digit of l?
2
Suppose 5*u + 204 = -3*h + 10, 0 = 2*h - 3*u + 104. Let a = 60 + h. Suppose -2*n = x - 3*x + 282, a*n = -2. What is the hundreds digit of x?
1
Suppose 2*l + 2*l - 5*z = 54, -l = 3*z - 22. Suppose 5*w + l*y - 8240 = 21*y, -2*y = 5*w - 8212. What is the hundreds digit of w?
6
Suppose -2*q + 1051 - 277 = 0. Let c = q + -331. What is the tens digit of c?
5
Let j(o) = -237*o - 1546. What is the units digit of j(-35)?
9
Let q(k) = k**3 - 16*k**2 + 29*k - 14. Let b be q(14). Let x(n) = -2*n + 292. What is the tens digit of x(b)?
9
Suppose -a + 3*a - 86 = k, 3*a + 61 = -k. What is the units digit of k/(-114) + 1850/6?
9
Let z be -1 - 133/(-7) - -2. What is the units digit of 178 + -2 + (23 - z)?
9
Let d = 387 + -209. Let w = d - 2. What is the units digit of w?
6
Suppose -17*p + 61 = -313. Suppose 8*a + 1862 = p*a. What is the units digit of a?
3
Suppose 18249 = l - 2*x, 18*l + 6*x - 36438 = 16*l. What is the hundreds digit of l?
2
Let y be 6 + 5 + 3/(-2)*2. Suppose -i = y*i. Let h(o) = -3*o**2 - 2*o + 143. What is the tens digit of h(i)?
4
Let f(r) = -6 - 7 - 15*r - 38. Let h(l) = -47*l + 1586. Let g be h(34). What is the hundreds digit of f(g)?
1
Let a = -9 - -13. Suppose a*c = -c. Suppose 0 = 5*h + 2*y - 181, c = 2*y - 6*y + 12. What is the tens digit of h?
3
Suppose -5*r + 20 = 5*c, -3*c + 2*c = -5. What is the tens digit of ((-560)/56)/(r